{"id":19,"date":"2016-06-24T09:06:08","date_gmt":"2016-06-24T08:06:08","guid":{"rendered":"https:\/\/lalunetteriedestcyr.fr\/?page_id=19"},"modified":"2025-03-29T11:27:15","modified_gmt":"2025-03-29T09:27:15","slug":"lopticien-de-saint-cyr","status":"publish","type":"page","link":"https:\/\/lalunetteriedestcyr.fr\/index.php\/lopticien-de-saint-cyr\/","title":{"rendered":"La Lunetterie de Saint Cyr"},"content":{"rendered":"\n<div class=\"wp-block-columns is-layout-flex wp-container-core-columns-is-layout-9d6595d7 wp-block-columns-is-layout-flex\">\n<div class=\"wp-block-column is-layout-flow wp-block-column-is-layout-flow\" style=\"flex-basis:66.66%\">\n<h4 class=\"wp-block-heading\">Lentilles de contact, Enfant, Sport technique \u00e0 la vue<\/h4>\n\n\n<div style=\"display: none;\" class=\"crellyslider-slider crellyslider-slider-full-width crellyslider-slider-saint-cyr crellyslider-3\" id=\"crellyslider-3\">\n<ul>\n<li\nstyle=\"\nbackground-color: transparent;\nbackground-image: url('https:\/\/lalunetteriedestcyr.fr\/wp-content\/uploads\/2024\/09\/image1.jpg');\nbackground-position: center center;\nbackground-repeat: no-repeat;\nbackground-size: cover;\n\n\"\ndata-in=\"slideLeft\"\ndata-ease-in=\"700\"\ndata-out=\"slideLeft\"\ndata-ease-out=\"700\"\ndata-time=\"3000\"\n>\n<\/li>\n<li\nstyle=\"\nbackground-color: transparent;\nbackground-image: url('https:\/\/lalunetteriedestcyr.fr\/wp-content\/uploads\/2016\/06\/image6.jpg');\nbackground-position: center center;\nbackground-repeat: no-repeat;\nbackground-size: cover;\n\n\"\ndata-in=\"slideLeft\"\ndata-ease-in=\"700\"\ndata-out=\"slideLeft\"\ndata-ease-out=\"700\"\ndata-time=\"3000\"\n>\n<\/li>\n<li\nstyle=\"\nbackground-color: transparent;\nbackground-image: url('https:\/\/lalunetteriedestcyr.fr\/wp-content\/uploads\/2016\/06\/image4.jpg');\nbackground-position: center center;\nbackground-repeat: no-repeat;\nbackground-size: cover;\n\n\"\ndata-in=\"slideLeft\"\ndata-ease-in=\"700\"\ndata-out=\"slideLeft\"\ndata-ease-out=\"700\"\ndata-time=\"3000\"\n>\n<\/li>\n<li\nstyle=\"\nbackground-color: transparent;\nbackground-image: url('https:\/\/lalunetteriedestcyr.fr\/wp-content\/uploads\/2016\/10\/IMG_1124-e1476286009927.jpg');\nbackground-position: center center;\nbackground-repeat: no-repeat;\nbackground-size: cover;\n\n\"\ndata-in=\"slideLeft\"\ndata-ease-in=\"700\"\ndata-out=\"slideLeft\"\ndata-ease-out=\"700\"\ndata-time=\"3000\"\n>\n<\/li>\n<\/ul>\n<\/div>\n<script type=\"text\/javascript\">\n(function($) {\n$(document).ready(function() {\n$(\"#crellyslider-3\").crellySlider({\nlayout: 'full-width',\nresponsive: 1,\nstartWidth: 1024,\nstartHeight: 768,\nautomaticSlide: 1,\nshowControls: 0,\nshowNavigation: 0,\nenableSwipe: 0,\nshowProgressBar: 0,\npauseOnHover: 0,\nrandomOrder: 0,\nstartFromSlide: 0,\nbeforeStart : function() {},\nbeforeSetResponsive : function() {},\nbeforeSlideStart : function() {},\nbeforePause\t: function() {},\nbeforeResume : function() {},\n});\n});\n})(jQuery);\n<\/script>\n\n\n\n\n<p><\/p>\n\n\n\n<p>Lo\u00efc vous accueille dans sa boutique situ\u00e9e au c\u0153ur de St Cyr au Mont d&rsquo;or. Il est \u00e0 votre \u00e9coute pour vous orienter lors du choix de votre monture et ce dans le respect de vos besoins visuels et en harmonie avec votre visage. Il vous ai propos\u00e9 un choix tr\u00e8s vari\u00e9 de montures pour r\u00e9pondre au budget de chacun&nbsp;: Oliver Peoples, Ic Berlin, Traction&nbsp;\u00ab&nbsp;made in Jura&nbsp;\u00bb, Simple sans oublier Ray Ban, Fa\u00e7onnable et Paul Smith, \u2026<\/p>\n<\/div>\n\n\n\n<div class=\"wp-block-column is-layout-flow wp-block-column-is-layout-flow\" style=\"flex-basis:33.33%\">\n<div class=\"horaires\">\n<h3>Horaires d&rsquo;ouverture<\/h3>\n<div id=\"ho_lundiv\" class=\"ho_info\"><span class=\"ho_jour\">Lundi<\/span><span class=\"ho_AM\">FERM\u00c9<\/span><\/div>\n<div id=\"ho_mardiv\" class=\"ho_info\"><span class=\"ho_jour\">Mardi<\/span><span class=\"ho_AM\">09:30-12:30<\/span><span class=\"ho_bullet\">\u2022<\/span><span class=\"ho_PM\">15:30-19:00<\/span><\/div>\n<div id=\"ho_merdiv\" class=\"ho_info\"><span class=\"ho_jour\">Mercredi<\/span><span class=\"ho_AM\">09:30-12:30<\/span><span class=\"ho_bullet\">\u2022<\/span><span class=\"ho_PM\">15:30-19:00<\/span><\/div>\n<div id=\"ho_jeudiv\" class=\"ho_info\"><span class=\"ho_jour\">Jeudi<\/span><span class=\"ho_AM\">09:30-12:30<\/span><span class=\"ho_bullet\">\u2022<\/span><span class=\"ho_PM\">15:30-19:00<\/span><\/div>\n<div id=\"ho_vendiv\" class=\"ho_info\"><span class=\"ho_jour\">Vendredi<\/span><span class=\"ho_AM\">09:30-12:30<\/span><span class=\"ho_bullet\">\u2022<\/span><span class=\"ho_PM\">15:30-19:00<\/span><\/div>\n<div id=\"ho_samdiv\" class=\"ho_info\"><span class=\"ho_jour\">Samedi<\/span><span class=\"ho_AM\">09:30-13:00<\/span><span class=\"ho_bullet\">\u2022<\/span><span class=\"ho_PM\">15:00-19:00<\/span><\/div>\n<div id=\"ho_dimdiv\" class=\"ho_info\"><span class=\"ho_jour\">Dimanche<\/span><span class=\"ho_AM\">FERM\u00c9<\/span><\/div>\n<\/div>\n\n\n<p><div class=\"leaflet-map WPLeafletMap\" style=\"height:300px; width:100%;\"><\/div><script>\nwindow.WPLeafletMapPlugin = window.WPLeafletMapPlugin || [];\nwindow.WPLeafletMapPlugin.push(function WPLeafletMapShortcode() {\/*<script>*\/\nvar baseUrl = atob('aHR0cHM6Ly97c30udGlsZS5vcGVuc3RyZWV0bWFwLm9yZy97en0ve3h9L3t5fS5wbmc=');\nvar base = (!baseUrl && window.MQ) ?\n    window.MQ.mapLayer() : L.tileLayer(baseUrl,\n        L.Util.extend({}, {\n            detectRetina: 0,\n        },\n        {\"subdomains\":\"abc\",\"noWrap\":false,\"maxZoom\":18}        )\n    );\n    var options = L.Util.extend({}, {\n        layers: [base],\n        attributionControl: false\n    },\n    {\"zoomControl\":true,\"scrollWheelZoom\":true,\"doubleClickZoom\":true,\"fitBounds\":true,\"minZoom\":5,\"maxZoom\":18,\"maxBounds\":null,\"attribution\":\"\"},\n    {});\nwindow.WPLeafletMapPlugin.createMap(options).setView([45.814095946451,4.8178482055664],18);window.WPLeafletMapPlugin.createScale({});});<\/script><script>\nwindow.WPLeafletMapPlugin = window.WPLeafletMapPlugin || [];\nwindow.WPLeafletMapPlugin.push(function WPLeafletMarkerShortcode() {\/*<script>*\/\nvar map = window.WPLeafletMapPlugin.getCurrentMap();\nvar group = window.WPLeafletMapPlugin.getCurrentGroup();\nvar marker_options = window.WPLeafletMapPlugin.getIconOptions({});\nvar marker = L.marker(\n    [45.814105294503,4.817781150341],\n    marker_options\n);\nvar is_image = map.is_image_map;\nif (marker_options.draggable) {\n    marker.on('dragend', function () {\n        var latlng = this.getLatLng();\n        var lat = latlng.lat;\n        var lng = latlng.lng;\n        if (is_image) {\n            console.log('leaflet-marker y=' + lat + ' x=' + lng);\n        } else {\n            console.log('leaflet-marker lat=' + lat + ' lng=' + lng);\n        }\n    });\n}\nmarker.addTo( group );\nwindow.WPLeafletMapPlugin.markers.push( marker );\n        });<\/script><\/p>\n<\/div>\n<\/div>\n\n\n","protected":false},"excerpt":{"rendered":"<p>Lentilles de contact, Enfant, Sport technique \u00e0 la vue Lo\u00efc vous accueille dans sa boutique situ\u00e9e au c\u0153ur de St Cyr au Mont d&rsquo;or. Il est \u00e0 votre \u00e9coute pour vous orienter lors du choix&hellip; <a href=\"https:\/\/lalunetteriedestcyr.fr\/index.php\/lopticien-de-saint-cyr\/\">Plus<\/a><\/p>\n","protected":false},"author":1,"featured_media":0,"parent":0,"menu_order":0,"comment_status":"closed","ping_status":"closed","template":"","meta":{"footnotes":""},"class_list":["post-19","page","type-page","status-publish","hentry"],"_links":{"self":[{"href":"https:\/\/lalunetteriedestcyr.fr\/index.php\/wp-json\/wp\/v2\/pages\/19","targetHints":{"allow":["GET"]}}],"collection":[{"href":"https:\/\/lalunetteriedestcyr.fr\/index.php\/wp-json\/wp\/v2\/pages"}],"about":[{"href":"https:\/\/lalunetteriedestcyr.fr\/index.php\/wp-json\/wp\/v2\/types\/page"}],"author":[{"embeddable":true,"href":"https:\/\/lalunetteriedestcyr.fr\/index.php\/wp-json\/wp\/v2\/users\/1"}],"replies":[{"embeddable":true,"href":"https:\/\/lalunetteriedestcyr.fr\/index.php\/wp-json\/wp\/v2\/comments?post=19"}],"version-history":[{"count":1,"href":"https:\/\/lalunetteriedestcyr.fr\/index.php\/wp-json\/wp\/v2\/pages\/19\/revisions"}],"predecessor-version":[{"id":325,"href":"https:\/\/lalunetteriedestcyr.fr\/index.php\/wp-json\/wp\/v2\/pages\/19\/revisions\/325"}],"wp:attachment":[{"href":"https:\/\/lalunetteriedestcyr.fr\/index.php\/wp-json\/wp\/v2\/media?parent=19"}],"curies":[{"name":"wp","href":"https:\/\/api.w.org\/{rel}","templated":true}]}}