{"id":22,"date":"2016-06-24T09:07:28","date_gmt":"2016-06-24T08:07:28","guid":{"rendered":"https:\/\/lalunetteriedestcyr.fr\/?page_id=22"},"modified":"2025-03-29T11:27:15","modified_gmt":"2025-03-29T09:27:15","slug":"lopticien-de-collonges","status":"publish","type":"page","link":"https:\/\/lalunetteriedestcyr.fr\/index.php\/lopticien-de-collonges\/","title":{"rendered":"L&rsquo;Opticien de Collonges"},"content":{"rendered":"\n<div class=\"wp-block-columns is-layout-flex wp-container-core-columns-is-layout-9d6595d7 wp-block-columns-is-layout-flex\">\n<div class=\"wp-block-column is-layout-flow wp-block-column-is-layout-flow\" style=\"flex-basis:66.66%\">\n<h4 class=\"wp-block-heading\">Lentilles de contact, Enfant, Sport technique \u00e0 la vue<\/h4>\n\n\n<div style=\"display: none;\" class=\"crellyslider-slider crellyslider-slider-full-width crellyslider-slider-collonges crellyslider-4\" id=\"crellyslider-4\">\n<ul>\n<li\nstyle=\"\nbackground-color: transparent;\nbackground-image: url('https:\/\/lalunetteriedestcyr.fr\/wp-content\/uploads\/2016\/06\/image2.jpg');\nbackground-position: center center;\nbackground-repeat: no-repeat;\nbackground-size: cover;\n\n\"\ndata-in=\"slideLeft\"\ndata-ease-in=\"700\"\ndata-out=\"slideLeft\"\ndata-ease-out=\"700\"\ndata-time=\"3000\"\n>\n<\/li>\n<li\nstyle=\"\nbackground-color: transparent;\nbackground-image: url('https:\/\/lalunetteriedestcyr.fr\/wp-content\/uploads\/2016\/06\/image5.jpg');\nbackground-position: center center;\nbackground-repeat: no-repeat;\nbackground-size: cover;\n\n\"\ndata-in=\"slideLeft\"\ndata-ease-in=\"700\"\ndata-out=\"slideLeft\"\ndata-ease-out=\"700\"\ndata-time=\"3000\"\n>\n<\/li>\n<li\nstyle=\"\nbackground-color: transparent;\nbackground-image: url('https:\/\/lalunetteriedestcyr.fr\/wp-content\/uploads\/2016\/06\/image3.jpg');\nbackground-position: center center;\nbackground-repeat: no-repeat;\nbackground-size: cover;\n\n\"\ndata-in=\"slideLeft\"\ndata-ease-in=\"700\"\ndata-out=\"slideLeft\"\ndata-ease-out=\"700\"\ndata-time=\"3000\"\n>\n<\/li>\n<li\nstyle=\"\nbackground-color: transparent;\nbackground-image: url('https:\/\/lalunetteriedestcyr.fr\/wp-content\/uploads\/2016\/10\/IMG_2704-scaled.jpg');\nbackground-position: center center;\nbackground-repeat: no-repeat;\nbackground-size: cover;\n\n\"\ndata-in=\"slideLeft\"\ndata-ease-in=\"700\"\ndata-out=\"slideLeft\"\ndata-ease-out=\"700\"\ndata-time=\"3000\"\n>\n<\/li>\n<\/ul>\n<\/div>\n<script type=\"text\/javascript\">\n(function($) {\n$(document).ready(function() {\n$(\"#crellyslider-4\").crellySlider({\nlayout: 'full-width',\nresponsive: 1,\nstartWidth: 1024,\nstartHeight: 768,\nautomaticSlide: 1,\nshowControls: 0,\nshowNavigation: 0,\nenableSwipe: 0,\nshowProgressBar: 0,\npauseOnHover: 1,\nrandomOrder: 0,\nstartFromSlide: 0,\nbeforeStart : function() {},\nbeforeSetResponsive : function() {},\nbeforeSlideStart : function() {},\nbeforePause\t: function() {},\nbeforeResume : function() {},\n});\n});\n})(jQuery);\n<\/script>\n\n\n\n\n<p><\/p>\n\n\n\n<p>Caroline \u00e0 votre service afin de vous conseiller au mieux dans le choix de vos montures en fonction de votre visage et de vos besoins visuels. Un choix de montures permettant de s&rsquo;adapter \u00e0 tous les budgets tout en proposant des collections \u00e0 diffusion s\u00e9lective telles que : Lesca: Lunetier Fran\u00e7ais depuis 1964, Etnia: collection color\u00e9e et branch\u00e9e, Oliver Peoples, Ici Berlin, Paul et Joe, Oga : design \u00ab\u00a0made in Jura\u00a0\u00bb, sans oublier Ray Ban, Calvin Klein, Faconnable, Vuarnet, Boll\u00e9, \u2026<\/p>\n<\/div>\n\n\n\n<div class=\"wp-block-column is-layout-flow wp-block-column-is-layout-flow\" style=\"flex-basis:33.33%\">\n<div class=\"horaires\">\n<h3>Horaires d&rsquo;ouverture<\/h3>\n<div id=\"ho_lundiv\" class=\"ho_info\"><span class=\"ho_jour\">Lundi<\/span><span class=\"ho_AM\">FERM\u00c9<\/span><\/div>\n<div id=\"ho_mardiv\" class=\"ho_info\"><span class=\"ho_jour\">Mardi<\/span><span class=\"ho_AM\">09:30-12:00<\/span><span class=\"ho_bullet\">\u2022<\/span><span class=\"ho_PM\">15:00-19:00<\/span><\/div>\n<div id=\"ho_merdiv\" class=\"ho_info\"><span class=\"ho_jour\">Mercredi<\/span><span class=\"ho_AM\">09:30-12:00<\/span><span class=\"ho_bullet\">\u2022<\/span><span class=\"ho_PM\">15:00-19:00<\/span><\/div>\n<div id=\"ho_jeudiv\" class=\"ho_info\"><span class=\"ho_jour\">Jeudi<\/span><span class=\"ho_AM\">09:30-12:00<\/span><span class=\"ho_bullet\">\u2022<\/span><span class=\"ho_PM\">14:00-16:00<\/span><\/div>\n<div id=\"ho_vendiv\" class=\"ho_info\"><span class=\"ho_jour\">Vendredi<\/span><span class=\"ho_AM\">09:30-12:00<\/span><span class=\"ho_bullet\">\u2022<\/span><span class=\"ho_PM\">15:00-19:00<\/span><\/div>\n<div id=\"ho_samdiv\" class=\"ho_info\"><span class=\"ho_jour\">Samedi<\/span><span class=\"ho_AM\">09:30-12:00<\/span><span class=\"ho_bullet\">\u2022<\/span><span class=\"ho_PM\">15:00-19:00<\/span><\/div>\n<div id=\"ho_dimdiv\" class=\"ho_info\"><span class=\"ho_jour\">Dimanche<\/span><span class=\"ho_AM\">FERM\u00c9<\/span><\/div>\n\n<hr\/ class=\"hr_style\">\n<div id=\"ho_rdv\"><span class=\"ho_rdv\">\nIl est pr\u00e9f\u00e9rable de prendre rendez-vous afin de choisir des lunettes<\/span>\n<\/div>\n\n\n<p><div class=\"leaflet-map WPLeafletMap\" style=\"height:300px; width:100%;\"><\/div><script>\nwindow.WPLeafletMapPlugin = window.WPLeafletMapPlugin || [];\nwindow.WPLeafletMapPlugin.push(function WPLeafletMapShortcode() {\/*<script>*\/\nvar baseUrl = atob('aHR0cHM6Ly97c30udGlsZS5vcGVuc3RyZWV0bWFwLm9yZy97en0ve3h9L3t5fS5wbmc=');\nvar base = (!baseUrl && window.MQ) ?\n    window.MQ.mapLayer() : L.tileLayer(baseUrl,\n        L.Util.extend({}, {\n            detectRetina: 0,\n        },\n        {\"subdomains\":\"abc\",\"noWrap\":false,\"maxZoom\":18}        )\n    );\n    var options = L.Util.extend({}, {\n        layers: [base],\n        attributionControl: false\n    },\n    {\"zoomControl\":true,\"scrollWheelZoom\":true,\"doubleClickZoom\":true,\"fitBounds\":true,\"minZoom\":5,\"maxZoom\":18,\"maxBounds\":null,\"attribution\":\"\"},\n    {});\nwindow.WPLeafletMapPlugin.createMap(options).setView([45.816249531431,4.8388820886612],18);window.WPLeafletMapPlugin.createScale({});});<\/script><script>\nwindow.WPLeafletMapPlugin = window.WPLeafletMapPlugin || [];\nwindow.WPLeafletMapPlugin.push(function WPLeafletMarkerShortcode() {\/*<script>*\/\nvar map = window.WPLeafletMapPlugin.getCurrentMap();\nvar group = window.WPLeafletMapPlugin.getCurrentGroup();\nvar marker_options = window.WPLeafletMapPlugin.getIconOptions({});\nvar marker = L.marker(\n    [45.81612615391,4.8390054702759],\n    marker_options\n);\nvar is_image = map.is_image_map;\nif (marker_options.draggable) {\n    marker.on('dragend', function () {\n        var latlng = this.getLatLng();\n        var lat = latlng.lat;\n        var lng = latlng.lng;\n        if (is_image) {\n            console.log('leaflet-marker y=' + lat + ' x=' + lng);\n        } else {\n            console.log('leaflet-marker lat=' + lat + ' lng=' + lng);\n        }\n    });\n}\nmarker.addTo( group );\nwindow.WPLeafletMapPlugin.markers.push( marker );\n        });<\/script><\/p>\n<\/div>\n<\/div>\n\n\n\n<p><\/p>\n\n\n\n\n\n<h2 class=\"wp-block-heading\"><\/h2>\n","protected":false},"excerpt":{"rendered":"<p>Lentilles de contact, Enfant, Sport technique \u00e0 la vue Caroline \u00e0 votre service afin de vous conseiller au mieux dans le choix de vos montures en fonction de votre visage et de vos besoins visuels.&hellip; <a href=\"https:\/\/lalunetteriedestcyr.fr\/index.php\/lopticien-de-collonges\/\">Plus<\/a><\/p>\n","protected":false},"author":1,"featured_media":0,"parent":0,"menu_order":0,"comment_status":"closed","ping_status":"closed","template":"","meta":{"footnotes":""},"class_list":["post-22","page","type-page","status-publish","hentry"],"_links":{"self":[{"href":"https:\/\/lalunetteriedestcyr.fr\/index.php\/wp-json\/wp\/v2\/pages\/22","targetHints":{"allow":["GET"]}}],"collection":[{"href":"https:\/\/lalunetteriedestcyr.fr\/index.php\/wp-json\/wp\/v2\/pages"}],"about":[{"href":"https:\/\/lalunetteriedestcyr.fr\/index.php\/wp-json\/wp\/v2\/types\/page"}],"author":[{"embeddable":true,"href":"https:\/\/lalunetteriedestcyr.fr\/index.php\/wp-json\/wp\/v2\/users\/1"}],"replies":[{"embeddable":true,"href":"https:\/\/lalunetteriedestcyr.fr\/index.php\/wp-json\/wp\/v2\/comments?post=22"}],"version-history":[{"count":1,"href":"https:\/\/lalunetteriedestcyr.fr\/index.php\/wp-json\/wp\/v2\/pages\/22\/revisions"}],"predecessor-version":[{"id":324,"href":"https:\/\/lalunetteriedestcyr.fr\/index.php\/wp-json\/wp\/v2\/pages\/22\/revisions\/324"}],"wp:attachment":[{"href":"https:\/\/lalunetteriedestcyr.fr\/index.php\/wp-json\/wp\/v2\/media?parent=22"}],"curies":[{"name":"wp","href":"https:\/\/api.w.org\/{rel}","templated":true}]}}